ctors of a.
7, 13
Let p be -1*(-6 + 0 + 1). Suppose -3*g + h - 4*h = -24, -4*h = p*g - 36. Let o = -1 + g. What are the prime factors of o?
3
Suppose -3*j + 15 = 2*z, z + 2*j = 4*j + 18. What are the prime factors of z?
2, 3
Suppose -5 = 4*t - t - 5*x, -4*x = 4*t - 4. Suppose -5*o + 89 - 14 = t. Suppose -2*v = -v - o. List the prime factors of v.
3, 5
Let j(g) = 4*g**2 - g + 6. Let w(l) = l**2 + l + 1. Let c(o) = j(o) - 3*w(o). Let k be c(3). What are the prime factors of 0 - (-36)/(3 + k)?
2, 3
Suppose 5*j = -4*g + 837, -5*j - 342 = 2*g - 1173. List the prime factors of j.
3, 5, 11
Suppose 3*t + 2*w = 214, 5*w + 145 = 2*t + 4*w. Let m(q) = -q - 2. Let n be m(-6). Suppose t = n*i - i. List the prime factors of i.
2, 3
List the prime factors of 1 + (2 - (0 + -6)).
3
Suppose 7*i - 6*i = 0. Suppose -2*s + 49 = 4*q - 27, i = -2*q + 5*s + 50. List the prime factors of q.
2, 5
Suppose 3*c = -c - 4. Let m be 14 + 2 + -3 + c. What are the prime factors of (-6)/m*12/(-1)?
2, 3
Let q = 6 - -4. Suppose -q = -w - w. What are the prime factors of w?
5
Suppose -46*w = -41*w - 1490. What are the prime factors of w?
2, 149
Let d = 813 - 422. List the prime factors of d.
17, 23
Suppose -5*w = 5*p - 50, -2*w = 3*w - 25. Let f be (2/5)/(1/p). What are the prime factors of (-1)/(f/(-12)) + 2?
2
Suppose 0 = -y + 3*c + 57, y - 6*y - 2*c = -285. List the prime factors of y.
3, 19
Let a(r) = 4*r**3 + 0*r**3 - 3*r**3 - r - r**2. What are the prime factors of a(3)?
3, 5
Suppose 5 = g, -3*z + 3*g = -g - 1135. List the prime factors of z.
5, 7, 11
Let c(d) be the first derivative of d**3/3 + d**2 - 6*d + 3. Let m be c(4). Suppose 2*y = 0, 0 = -3*s - y + 3*y + m. List the prime factors of s.
2, 3
Let t(m) = 6*m - 1. Let r = 5 - 4. Let b be -2*1 + 3/r. What are the prime factors of t(b)?
5
Suppose 9*t = 4*t - 25, 4*y + t - 7 = 0. Suppose -y*m + 30 = 2*m. Suppose f - 2 = k, 3*f + 2*k = -2*k + m. What are the prime factors of f?
2
Let f(l) = -l**3 + 10*l**2 + 9*l + 11. Let v be f(11). Let m = v + 24. What are the prime factors of m?
13
Let d = 5 - 3. Let p(i) = 9*i + 13. Let n(z) = -4*z - 6. Let b(o) = d*p(o) + 5*n(o). List the prime factors of b(-4).
2
Suppose -2*b = -q + 15, -41 = -4*q - b + 46. What are the prime factors of q?
3, 7
Suppose 0*k + 5*v = 4*k - 537, 4*k - 2*v = 546. List the prime factors of k.
2, 3, 23
Let v = -3 + 2. Let p(a) = 2*a**2 + 1. Let h be p(v). Let g(l) = l**3 - l**2 - 3*l + 3. What are the prime factors of g(h)?
2, 3
Let u = -6 + 16. List the prime factors of 32/u*(-5)/(-2).
2
Let g(m) = 21*m**3 + 2*m**2 + m - 2. List the prime factors of g(1).
2, 11
Let r(s) = s + 2. Let g be r(4). Suppose -2*a = -2*c + 14, a - g*a = 20. What are the prime factors of c?
3
Suppose 0 = h + 4*h - 2*a - 305, -2*a + 10 = 0. What are the prime factors of h?
3, 7
Let w = -8 + 46. Suppose 0 = -3*n - 2 + w. List the prime factors of n.
2, 3
Suppose -4*h + 754 = 74. Suppose -c + 2*c - 3*n - 52 = 0, 3*n = -5*c + h. List the prime factors of c.
37
Let u(d) = 3*d**2 - 6*d + 0 - 4*d**2 - 3. Let q be u(-4). Suppose 0*j - 2 = b + 4*j, 3*b - 45 = q*j. What are the prime factors of b?
2, 5
Let t = 4 + -1. Let c = t + 24. Suppose 2*g = -5*l + 5*g + 6, -5*l = 4*g - c. What are the prime factors of l?
3
Suppose -2*g + 78 = -0*b + 3*b, -4 = -2*b. List the prime factors of g.
2, 3
Let r = -2 + 9. Let d(q) = q**2 - 3*q - 10. List the prime factors of d(r).
2, 3
Let r(v) = -v**3 - 6*v**2 - 5*v - 6. What are the prime factors of r(-8)?
2, 3
Let y(x) = x - 5. Let a be y(4). Let k = -20 + 4. What are the prime factors of (-3)/(a - 10/k)?
2
Suppose l = t - 6*t + 59, -205 = -3*l - t. What are the prime factors of l?
3, 23
Let v = 32 - 1. List the prime factors of v.
31
Suppose 0 = -m + 3*f - 31, 4*m - 5*f = -0*m - 117. Let w = m + 41. What are the prime factors of w?
13
Suppose 6*z + 48 = 4*z. Let w = z + 34. List the prime factors of w.
2, 5
Suppose 3*y + 7 + 41 = 5*a, -3*y = -12. List the prime factors of a - ((1 - -4) + -3).
2, 5
Let m(g) = g**3 + 4*g**2 - 7*g. Let x(o) = -o**3 - 4*o**2 + 6*o. Let z be x(-5). What are the prime factors of m(z)?
2, 5
Let l = 172 - -194. What are the prime factors of l?
2, 3, 61
Let i(p) = 2*p**3 - 3*p**2 - 7*p + 7. Let c(y) = 3*y**3 - 5*y**2 - 11*y + 10. Let a(l) = -5*c(l) + 7*i(l). What are the prime factors of a(5)?
2
Let f be (-3)/(3/12*6). Let l be (-1)/f - 33/(-2). Suppose -18 - l = -5*h. List the prime factors of h.
7
Let q = -63 + 96. What are the prime factors of q?
3, 11
Let c be 6 + -4 + (1 - -1). Suppose 6*o + 56 = c*w + o, 2*w + 3*o = 50. List the prime factors of w.
19
Suppose v + 3 = 6. Let x = v - 1. What are the prime factors of (-2)/4 - (-41)/x?
2, 5
Let l(j) = j**2 - 9*j + 33. What are the prime factors of l(-9)?
3, 5, 13
Let k = -25 + 25. Suppose f - 4*b = 20, 4*b = f + f - 20. Suppose k*w + 3*w - 6 = f. List the prime factors of w.
2
Suppose 9*j - 968 = -4*n + 5*j, 5*n - 1210 = j. What are the prime factors of n?
2, 11
Let f = 27 - 18. Suppose 3*v + f = -4*x + 38, v = 5*x - 22. List the prime factors of v.
3
List the prime factors of 4/(-2) - -6 - -42.
2, 23
Let v(a) = a**2 - 4*a - 1 + 6*a + 12 + 0*a**2. List the prime factors of v(-8).
59
What are the prime factors of -6*10/(-15)*13?
2, 13
Let q = -112 + 187. What are the prime factors of q?
3, 5
Let w be (-1)/(-2)*3*8. Let x = 31 - w. What are the prime factors of x?
19
Let n(m) = m**3 + 7*m**2 + m - 3. List the prime factors of n(-5).
2, 3, 7
Let n(g) = -g**3 - 9*g**2 - g - 3. Suppose 4*c - 5*c - 9 = 0. What are the prime factors of n(c)?
2, 3
Suppose r = 17 + 16. What are the prime factors of r?
3, 11
Let d(t) = t**3 - 2*t**2 + 72. List the prime factors of d(0).
2, 3
Let r be 0 + -35 - (-16)/4. Let c = 77 + r. What are the prime factors of c?
2, 23
Suppose h = 6*h + 3*g - 7, 5*g = -2*h - 1. Let j(f) = 5*f**2 - 2*f + 3. List the prime factors of j(h).
19
Let a(k) = k + 10. Let g be a(-7). Let b = -1 + g. List the prime factors of b.
2
Let z(p) = p**3 + 9*p**2 + 13*p + 1. What are the prime factors of z(-6)?
31
Let h = -71 - -176. Suppose -c - 4*c = -h. List the prime factors of c.
3, 7
Suppose 11*k = 12*k - 29. Let t = k - 20. What are the prime factors of t?
3
Let v(c) = 14*c**2. List the prime factors of v(1).
2, 7
Suppose 5*c = -4*o + 46, -7*c + 38 = -2*c + 2*o. Suppose -t - 8 = 2. List the prime factors of 40/c*(-12)/t.
2
Let b = 122 - -40. What are the prime factors of b?
2, 3
Suppose -u - k = -75, -u - 4*k - 12 + 84 = 0. What are the prime factors of u?
2, 19
Let k = 148 - 139. What are the prime factors of k?
3
Let y(w) = -w**3 + 12*w**2 - 3*w - 8. List the prime factors of y(11).
2, 5
Let r(c) = 6*c**2 - 3*c + 2. Let x be r(1). Let t = 10 + x. What are the prime factors of t?
3, 5
Suppose 2*y = 5*q - 1406 - 184, q = y + 321. Suppose h + 82 - q = 0. What are the prime factors of (-3)/5 + h/15?
3, 5
Let k(h) = -h + 2. Let a(d) = d - 1. Let r = 3 - 1. Let u(w) = r*k(w) + 3*a(w). List the prime factors of u(12).
13
Let n = -77 - -83. Suppose -3*g - 27 = -72. What are the prime factors of g/6 - 3/n?
2
Suppose 4*f = 4*m - 0*m - 44, -3*m + 2*f + 34 = 0. Let w(n) = n**2 + 4*n - 6. Let o be w(-6). Let d = m - o. List the prime factors of d.
2, 3
Suppose 4*j + 52 = 3*g, j - 2*g + 9 = -9. Let o be ((-32)/20)/(2/j). Suppose -o = -y + 15. What are the prime factors of y?
23
Let f(u) = u**3 + 5*u**2 - 5*u + 6. Let w be f(-6). Suppose 5*v - 109 - 241 = w. Suppose p + 4*p = v. List the prime factors of p.
2, 7
Let g = 50 - 29. What are the prime factors of g?
3, 7
List the prime factors of 8*(2 + 27/4).
2, 5, 7
Let i(b) = -5*b - 4. What are the prime factors of i(-8)?
2, 3
Let u(k) be the first derivative of -1/2*k**2 - 2 + 2/3*k**3 - 2*k. List the prime factors of u(-2).
2
Let y(i) = i**3 + 3*i**2 + 2*i + 2. Let w be y(-2). Suppose -d = d - w. Let c = 3 - d. What are the prime factors of c?
2
Let f = -16 + 31. Let t = 1 - 1. Let q = f - t. List the prime factors of q.
3, 5
Let t = 8 + -6. Let y = -116 + 119. List the prime factors of (-12)/t + y + 20.
17
Let q = 0 + -8. Let a be 1/(-2)*4*q. Suppose a = 4*l - 16. What are the prime factors of l?
2
Suppose -a = -5*a - 28. Suppose 2*f - 5 - 15 = 0. Let g = f + a. What are the prime factors of g?
3
Suppose 2*o - h = 3*h + 8, 2*h = 4*o - 1